*3/6 + 5*u**2/2 - 3*u. What are the prime factors of v(-5)?
5
Suppose -2*m + 3*q = 2, 5*m + 3*q - 45 = -2*q. Suppose 0*z - 3*z = p - 79, -4*z + 362 = m*p. What are the prime factors of ((-30)/(-25))/(4/p)?
3, 7
Let d(m) = 13*m + 11. Let n be d(-5). List the prime factors of 0 + 0 + n/(-9).
2, 3
Let t(r) = 7*r**2 + 2. What are the prime factors of t(2)?
2, 3, 5
Let s be (0 + 0)/(1*-2). Let i(o) be the third derivative of -o**6/120 - o**4/24 + 3*o**3/2 - 5*o**2. List the prime factors of i(s).
3
Let b = -2 + 0. Let l = 9 + b. Let c(y) = -y**3 + 8*y**2 - 6*y + 3. List the prime factors of c(l).
2, 5
Let n = -91 + 107. What are the prime factors of n?
2
Let p(h) = h**3 + 5*h**2 + 2*h + 4. Let n = -9 - -15. Let l be n/4 - 90/20. What are the prime factors of p(l)?
2
Let w = -23 - -71. Suppose w = 2*z + 2*z. Let t = z + 0. List the prime factors of t.
2, 3
Let h = 11 - -15. List the prime factors of h.
2, 13
Suppose 5*x + c - 3 = 0, -2*c = 4*x + c - 9. Suppose 23 = -4*o + 3, -4*b - 2*o + 94 = x. What are the prime factors of b?
2, 13
Suppose -5*x = -p - 9 - 0, 2*p = -2*x + 6. Let a(c) be the first derivative of 5*c**2/2 + c - 1. List the prime factors of a(p).
2, 3
Let c = -21 - -53. What are the prime factors of c?
2
Let w(y) = y**3 - 2*y**2 + 4*y - 3. Let n be w(2). Let g = n - 2. Suppose -g - 37 = -5*l. List the prime factors of l.
2
Suppose 0 = -0*i + i + 11. Suppose -2*b + 39 = 5. Let o = b + i. List the prime factors of o.
2, 3
Suppose 2*y = -o + 5*y + 13, -3*o = -4*y - 24. Let c be (-1)/3 + 1/3. Suppose h + 2*u = 6, o*h + 2*u + 11 - 41 = c. List the prime factors of h.
2
Let b(t) = -3*t - 6. Let q be b(-8). Suppose -2 + q = 4*v. Suppose -u + 4*f - 3 - v = 0, -2*u + 25 = 5*f. List the prime factors of u.
5
Let k be (0 - 0)*(-1)/(-2). Suppose 42 = 2*a - k*a. What are the prime factors of a?
3, 7
Let h(b) = -3*b - 2. Let f(p) = p**2 + 7*p. Suppose 5*i + 18 = -3*x, -3*x = -3*i - 6*x - 6. Let v be f(i). List the prime factors of h(v).
2
Let x(r) = 9*r**2 + r - 1. Let o be x(2). Let z = -18 + o. What are the prime factors of z?
19
Let j = 79 - 69. List the prime factors of j.
2, 5
Let m be (-126)/(-5) + 7/(-35). Suppose 4*x + 0*v - m = v, 5*x - 20 = -v. Suppose 4*a - 23 = -5*i + 28, -25 = x*i. What are the prime factors of a?
19
Let t be 11/3 + (-3)/(-9). Suppose -5*c = -t - 1. What are the prime factors of (-2)/(c - (-1 + 3))?
2
Let q(u) = -4*u - 2*u + 0*u. What are the prime factors of q(-2)?
2, 3
Let o(f) = -2*f - 1. Let m be o(-3). Suppose 0 = -3*n - m*y + 7, 5*n - 32 = n - y. List the prime factors of n.
3
Let l = -8 + 0. Let c = l + 32. What are the prime factors of c?
2, 3
Suppose -3*l + 53 = 2*w, -3*l - 2*l - w = -100. Let t = 17 + -28. Let v = l + t. List the prime factors of v.
2, 5
What are the prime factors of -4 + 84/(-3)*-5?
2, 17
Let f(p) = -2*p - 3. Let x be f(1). Let t(i) = 15*i**3 + 2*i**2 - 2*i + 1. Let o be t(1). List the prime factors of x/(-2)*o/10.
2
Let j(s) = -8*s**3 - 2*s**2 + 1. Suppose 4*n - 5 = -g + 7, -n + g - 2 = 0. Let k = 1 - n. What are the prime factors of j(k)?
7
Let h(i) = 3*i + 12. Let m be h(-10). Let f(x) = x**3 - 7*x**2 - 12*x + 3. Let d be f(8). Let u = m - d. List the prime factors of u.
11
Let l = -29 + 48. List the prime factors of l.
19
Suppose -2*v - 4*q = -5*v - 5, 5 = q. Suppose 0 = -5*l + 5*m + 80, -l + 52 = 2*l - v*m. What are the prime factors of l?
2, 7
Suppose -3*l + 18 = -126. Suppose 0 = -3*y + 4*y - l. List the prime factors of y.
2, 3
Suppose -f = n - 71, 0*f + 2*f + 65 = n. What are the prime factors of n?
3, 23
Let a(o) = o - 11. Let b be a(7). List the prime factors of (-24)/9*42/b.
2, 7
Suppose -5*j - 14 + 44 = 0. Let m be j/(-9)*(-30)/4. Let u(t) = t**3 - 5*t**2 + 2*t - 6. List the prime factors of u(m).
2
Let t(k) = -5*k - 10. What are the prime factors of t(-6)?
2, 5
Suppose v + 4*f = 9, 11 = -5*v - 2*f - 16. Let p = v - -19. List the prime factors of p.
2, 3
Let o = -5 + 6. Suppose -35 = -4*p - 3*n, 6 - o = -4*p + 5*n. What are the prime factors of p?
5
Let y be (1 + 4)/((-1)/3). Let g = 19 + y. What are the prime factors of g?
2
Let q = 61 + -31. List the prime factors of q.
2, 3, 5
Let m = 22 - 14. Suppose -5*k + 13 = -4*w - 2, -5 = w. Let i = k + m. List the prime factors of i.
7
Let z(y) = y**2 + 2*y + 1. Let s be z(-2). List the prime factors of s*(2 + -2 + 18).
2, 3
Suppose 0 = -b + 3*b + 16. Let a(l) = -l - 4. Let i be a(b). Suppose -i*p - 7 + 63 = 0. List the prime factors of p.
2, 7
Let y(j) = -j**2 + 13*j + 5. Suppose 6 + 49 = 5*x. List the prime factors of y(x).
3
Let j(z) = 6*z + 1. Let t be j(6). What are the prime factors of (-2)/2 + t + -2?
2, 17
Suppose -2*b - 18 = -2*h, 5*h - 4*b = -0*h + 42. Suppose 3*s = 2*j - 13, -s + 31 = 4*j - h*s. What are the prime factors of j?
2, 7
What are the prime factors of 135/(-10)*(-4)/3?
2, 3
Suppose -5*d + 143 = 43. List the prime factors of 312/d - (-2)/5.
2
Let c(w) = -w**3 + 9*w**2 - w - 1. Let p be c(9). Let j = p - -14. What are the prime factors of j?
2
Let f = 18 - 13. Suppose 0*z + f = 5*z. List the prime factors of (8 - 1) + 1/z.
2
Suppose 2*w - 11 - 3 = 0. Let z(d) = 2*d - 2 + 4 - 3. What are the prime factors of z(w)?
13
Let k be (0/(4/(-2)))/1. Let u(j) = -j**2 - 7*j - 4. Let w be u(-6). Suppose w*v - 10 - 2 = k. What are the prime factors of v?
2, 3
Let t(r) = -r + 16. Let l = -17 + 27. List the prime factors of t(l).
2, 3
Let j(s) be the second derivative of -s**4/12 + 5*s**3/6 + 4*s**2 - 11*s. Let c(q) = 2*q**2 + 3*q - 3. Let r be c(-3). What are the prime factors of j(r)?
2
Let o(x) = 3*x**2 + 4*x - 1. Let i be o(-5). Let m(g) = -g**3 - 8*g**2 - g - 8. Let j be m(-8). Suppose 4*f - 2 - i = j. List the prime factors of f.
2, 7
Let t(h) = 5*h**2 + 6*h. Let k(q) = -81*q**2 - 96*q. Let j(m) = 2*k(m) + 33*t(m). Let p be j(-4). Suppose 0 = 2*x - 0 - p. What are the prime factors of x?
2, 3
What are the prime factors of (9/(-12))/((-7)/2100)?
3, 5
Let j(b) = 3 - b**3 - 8 + 4*b**2 + 2. What are the prime factors of j(3)?
2, 3
Suppose -2*m + 3*a = -232, 4*m + 3*a - 7*a = 468. What are the prime factors of m?
7, 17
List the prime factors of 16/40 + 3/(45/1344).
2, 3, 5
Let q(o) = 2*o + 7. Let r be q(-8). Let h = -40 - -23. Let u = r - h. What are the prime factors of u?
2
Let v be 119/3 + 1/3. Suppose -v = -t - 0*t. Let a = t + -29. List the prime factors of a.
11
Suppose -3*j = -0*j + 3, 0 = -2*d - 3*j - 3. Suppose -4*v + 20 = -2*t, d = 4*v + 2*t + t. List the prime factors of v.
3
Suppose -2*k - 5*q = -114, 2*q + 3*q + 114 = 2*k. List the prime factors of k.
3, 19
Suppose 5*v + 5 = 20. Let c(t) = -t + 3 + t**2 + 0*t + 0*t**2. List the prime factors of c(v).
3
Let p = -8 - -8. Suppose p = 3*k - 21 - 3. Suppose 2*b - k = 6. List the prime factors of b.
7
Let c(n) = -14*n**2 - 2*n**3 + 3*n**3 + 2*n + 6*n**2 - 11 - 5*n. Let h be c(9). Suppose 4*g - h = 9. List the prime factors of g.
13
Suppose 5*z = 4*d - 61, 3*d = -3*z + 5 + 7. Suppose d = -7*h + 10*h. List the prime factors of h.
3
List the prime factors of (-246)/(-8) - (-6)/(-8).
2, 3, 5
Let m(r) = 7*r + 10. What are the prime factors of m(14)?
2, 3
Let h(x) = -2*x**3 - 9*x**2 - 2*x + 2. Let y be h(-6). Let l = y + -72. What are the prime factors of l?
2, 5
Let f(k) = k**3 + k**2. Let j be f(1). Suppose -z - 4*z = -20, -2*r - 3*z + 18 = 0. Suppose b - r = -2*y, j*b = 3*b + 5*y + 6. List the prime factors of b.
3
Suppose 2*z + 11 = 5*g, 13 + 7 = -2*z + 2*g. Let m = z + 17. List the prime factors of m.
2
Suppose -g = -29 - 3. List the prime factors of g.
2
What are the prime factors of 3*1*2/6 + 256?
257
Suppose 3*v - 3 = 3*y - 0, -3*y - 19 = v. Suppose 0 = 2*l - l - 8. Let t = l + v. What are the prime factors of t?
2
Suppose -1 = -a, -3*a = -4*f + 3*f + 113. What are the prime factors of f?
2, 29
Let j(f) = 9*f - 16. Suppose -2*i = -0 - 10. What are the prime factors of j(i)?
29
Suppose -4*q + x + 12 = 0, -3*x - 9 = 2*q - 1. Suppose -3*z + 12 = -q*z. Let s = -5 + z. What are the prime factors of s?
7
Suppose -4*d = -4*m + 180, -d - 239 = -5*m - 3*d. What are the prime factors of m?
47
Suppose 0 = 2*q + p - 64, 2*q + 5*p - 73 = -1. Let s be (-44)/1*3/(-6). Let n = q - s. What are the prime factors of n?
3
Suppose -4*h - h = -90. List the prime factors of h.
2, 3
Let s =